336
What is -222341534 (base 6) in base 12?
-142a8aa
What is 4143153 (base 6) in base 13?
7022a
Convert 4528cc (base 14) to base 13.
643bc4
Convert -13ae3b (base 15) to base 10.
-948206
What is -124030210 (base 5) in base 15?
-c11da
Convert -bcb12 (base 16) to base 12.
-31332a
-1466137 (base 9) to base 8
-3060744
Convert -5a58b (base 13) to base 12.
-7bab3
What is 87095d (base 16) in base 7?
135136020
What is 3239289 (base 10) in base 9?
6076420
What is 1022004 (base 5) in base 6?
211145
What is 25268 (base 12) in base 14?
1457a
-46998 (base 13) to base 15
-2839c
-2012200220200 (base 3) to base 6
-41104113
Convert 7c773 (base 15) to base 7.
3241101
359989 (base 10) to base 2
1010111111000110101
70836 (base 13) to base 2
110001001001101100
What is 173c4a (base 16) in base 6?
52345454
What is -3c16c (base 14) in base 10?
-148468
What is bcc2c (base 14) in base 3?
212021010010
Convert 182117 (base 9) to base 15.
23797
Convert 31023320 (base 4) to base 3.
2202002022
-1a9082 (base 15) to base 4
-10330123322
What is -75618 (base 15) in base 4?
-1122332033
Convert 9f533 (base 16) to base 14.
12db7d
21113000 (base 5) to base 11
110260
What is -11124665 (base 8) in base 9?
-4461842
-fd86 (base 16) to base 11
-44842
Convert -11110001011010001000 (base 2) to base 15.
-147ea8
Convert -15a1bb (base 13) to base 16.
-82f47
263782 (base 9) to base 8
471044
What is -45235540 (base 8) in base 3?
-200101212201121
Convert -4202042 (base 7) to base 6.
-14453342
16362460 (base 7) to base 4
12011130310
What is 4180c (base 13) in base 5?
12232210
What is -15511511 (base 6) in base 5?
-120210140
Convert -3c2568 (base 13) to base 5.
-333240221
What is 3052211 (base 6) in base 16?
23e0f
3777631 (base 9) to base 14
3b8626
Convert -196843 (base 10) to base 8.
-600353
Convert -1112201212101 (base 3) to base 16.
-c88ed
What is 68766 (base 12) in base 8?
420076
-370c7 (base 14) to base 5
-13302011
-3021000321 (base 4) to base 15
-113e53
Convert 42d65 (base 16) to base 6.
5511233
1131504100 (base 6) to base 11
7183386
-da9c50 (base 14) to base 11
-41a6a81
Convert a8471 (base 15) to base 2.
10000010011011110000
What is -101201112201 (base 3) in base 7?
-1536250
What is 2201205 (base 8) in base 14?
115285
What is 1101201010 (base 3) in base 6?
331133
What is 30672 (base 14) in base 13?
41065
What is -4176175 (base 9) in base 8?
-10415577
What is -328 (base 15) in base 14?
-38d
-22121012220 (base 3) to base 5
-20404122
-718478 (base 12) to base 5
-423331202
42351401 (base 6) to base 3
2100011101101
What is -34435322 (base 8) in base 16?
-723ad2
What is 275540 (base 10) in base 6?
5523352
-11110122012 (base 3) to base 16
-15788
What is 2226103 (base 8) in base 16?
92c43
What is -140203545 (base 7) in base 3?
-122010000110220
-9053685 (base 10) to base 11
-5124193
Convert 733cc2 (base 15) to base 8.
24720073
What is 11244234 (base 5) in base 6?
2113101
Convert -bbb847 (base 12) to base 9.
-5550251
What is -578bac (base 15) in base 11?
-23a6187
What is -2782a0 (base 12) in base 11?
-409717
-1435261 (base 7) to base 12
-94294
-1cc24 (base 16) to base 12
-58204
What is -244240 (base 11) in base 13?
-106a87
-abc11 (base 15) to base 6
-15412111
What is -677203 (base 10) in base 3?
-1021101221121
33333110020 (base 4) to base 8
17772410
What is -144252452 (base 6) in base 9?
-5585045
Convert -a4b2 (base 14) to base 3.
-1102221010
Convert -178e5a (base 16) to base 9.
-2812580
What is -5523325 (base 6) in base 13?
-98543
Convert -4424756 (base 9) to base 15.
-31eb96
-1111100010010101 (base 2) to base 7
-353350
-18a6797 (base 13) to base 3
-120020101100020
What is -21211314 (base 7) in base 12?
-72a483
What is 9ab59 (base 16) in base 14?
126d17
-1a70458 (base 11) to base 7
-41423441
-66339a (base 12) to base 14
-30374a
-12ba6 (base 12) to base 16
-652e
Convert -16ab4 (base 12) to base 9.
-48741
45443 (base 12) to base 6
1550523
What is 39070 (base 16) in base 5?
24433314
Convert -65b8a (base 16) to base 3.
-210011112111
3311122 (base 4) to base 14
5a1c
Convert -21230125 (base 6) to base 3.
-1011210201222
129777 (base 13) to base 6
13344513
Convert 2864872 (base 9) to base 8.
6012435
c3745b (base 15) to base 12
313b6a2
12121011210 (base 3) to base 13
3b217
-220301332 (base 6) to base 13
-a80806
What is -176539 (base 12) in base 13?
-11251b
39f9fe (base 16) to base 15
500bd5
240410 (base 5) to base 3
110010222
Convert -42031 (base 10) to base 12.
-203a7
What is -6835412 (base 10) in base 11?
-3949601
112020100220201 (base 3) to base 11
42a8088
What is -1d87a (base 15) in base 16?
-1789f
-184228 (base 9) to base 15
-23e7b
Convert 111211000011 (base 3) to base 10.
271921
1202001022 (base 3) to base 8
102772
What is 30342640 (base 7) in base 2?
1001101010000101001110
Convert -22405403 (base 8) to base 10.
-4852483
Convert -54237a (base 16) to base 15.
-73dc21
-a555578 (base 11) to base 12
-629085b
Convert -1113131 (base 7) to base 15.
-2ad22
Convert 325531502 (base 6) to base 9.
12044182
-112120220121 (base 3) to base 8
-1060671
What is 4004434031 (base 5) in base 10?
7889891
-46551 (base 8) to base 6
-231425
-14a882 (base 12) to base 8
-1254142
What is -245997 (base 12) in base 14?
-11537d
What is 402152 (base 6) in base 7?
161066
150097 (base 14) to base 6
23351445
Convert 18249bb (base 12) to base 5.
2241321323
Convert 183bab8 (base 13) to base 7.
124136566
1423c (base 13) to base 16
936a
21112201220 (base 3) to base 6
3103340
-33231111030 (base 4) to base 14
-792952
What is -541a0 (base 14) in base 2?
-110001101010000000
What is -460125 (base 7) in base 16?
-13f26
What is -156712 (base 10) in base 4?
-212100220
Convert -22112031230 (base 4) to base 11.
-1592984
1431643 (base 7) to base 15
3c19d
11063988 (base 10) to base 4
222031022310
-3222118 (base 11) to base 4
-111220000011
What is -3133230232 (base 4) in base 5?
-213310040
-1022312232 (base 4) to base 14
-7da46
Convert 14512023 (base 7) to base 14.
27d54a
b0a3 (base 15) to base 2
1001000110011110
Convert 110001000110100101011 (base 2) to base 5.
402442003
7a884 (base 15) to base 10
390049
-1a0864 (base 11) to base 3
-120200011220
What is 57501 (base 10) in base 8?
160235
-100110100100110101000 (base 2) to base 3
-2101012221022
76712640 (base 8) to base 11
9341616
Convert -a19b2 (base 13) to base 6.
-10112053
-1001010002022 (base 3) to base 9
-1033068
2022062 (base 8) to base 14
dc630
1ee611 (base 15) to base 12
6118b1
13498 (base 15) to base 8
170541
-84693 (base 12) to base 16
-2a6cf
Convert 313302112 (base 4) to base 16.
37c96
Convert 111110100100010010 (base 2) to base 6.
5254242
What is -92979 (base 10) in base 4?
-112230303
-120254 (base 13) to base 8
-1505426
Convert -1223231321 (base 4) to base 10.
-441209
Convert 4751250 (base 10) to base 7.
55246020
-31749 (base 14) to base 6
-2320525
What is 26c63 (base 13) in base 8?
215335
What is 85206 (base 10) in base 5?
10211311
What is -3555617 (base 8) in base 2?
-11101101101110001111
What is 1021000210021 (base 3) in base 6?
22204524
Convert 5050261 (base 7) to base 15.
bcd61
Convert -49355 (base 13) to base 5.
-13301334
-1231300103 (base 4) to base 14
-b9b91
What is 35805 (base 13) in base 8?
277351
What is -2121221112 (base 3) in base 16?
-ca07
-7303605 (base 8) to base 12
-793b19
Convert 10122231 (base 6) to base 3.
112202221101
What is 87a221 (base 12) in base 7?
24206065
-31412542 (base 8) to base 3
-110120220011012
Convert 303320 (base 7) to base 11.
3585a
What is 120282 (base 12) in base 13?
a240a
80862 (base 10) to base 9
132826
-114104255 (base 6) to base 7
-24213401
Convert -2257eb (base 15) to base 14.
-30927d
-6629293 (base 10) to base 14
-c47ccd
bb708 (base 15) to base 8
2213177
Convert -100000110011000011101100 (base 2) to base 9.
-17153784
Convert -10431142 (base 5) to base 8.
-265000
4305004 (base 7) to base 4
1333213300
What is -3023112010 (base 4) in base 2?
-11001011010110000100
Convert 76a6a1 (base 11) to base 2.
100101100001000100110
Convert 963852 (base 10) to base 8.
3532414
What is -563757 (base 15) in base 14?
-790995
Convert -101202120101 (base 3) to base 13.
-75553
Convert 120202021000001 (base 3) to base 8.
37734313
dac2 (base 14) to base 8
111652
Convert 389508 (base 10) to base 11.
246709
Convert 77a80 (base 13) to base 10.
217100
Convert 355770 (bas